of 55?
False
Does 52 divide 25480?
True
Is 4 a factor of 367?
False
Is 10 a factor of 1400?
True
Does 79 divide 4425?
False
Is 7 a factor of 721?
True
Is 27 a factor of 403?
False
Is 159 a factor of 8541?
False
Is 50 a factor of 17753?
False
Does 29 divide 4727?
True
Is 2125 a multiple of 24?
False
Does 4 divide 2453?
False
Does 3 divide 152?
False
Is 54 a factor of 2106?
True
Is 170 a factor of 37557?
False
Does 10 divide 25655?
False
Is 7260 a multiple of 10?
True
Is 435 even?
False
Is 17 a factor of 6345?
False
Is 66 a factor of 1122?
True
Is 63 a factor of 161343?
True
Is 42 a factor of 9156?
True
Is 2 a factor of 9533?
False
Does 28 divide 1957?
False
Is 405 a multiple of 9?
True
Is 227 a factor of 27965?
False
Does 128 divide 28637?
False
Is 740 a multiple of 10?
True
Is 93035 a multiple of 16?
False
Does 3 divide 453?
True
Is 86 a factor of 2322?
True
Is 4 a factor of 860?
True
Is 1352 a multiple of 52?
True
Is 6 a factor of 144?
True
Does 4 divide 4720?
True
Is 194 a factor of 97970?
True
Is 44 a factor of 3476?
True
Is 19 a factor of 54112?
True
Is 2280 a multiple of 120?
True
Is 38 a factor of 3306?
True
Is 168 a multiple of 12?
True
Is 13 a factor of 581?
False
Is 36 a multiple of 9?
True
Does 9 divide 1674?
True
Is 6725 a multiple of 5?
True
Is 28 a factor of 4200?
True
Is 17701 a multiple of 41?
False
Does 33 divide 6732?
True
Is 34200 a multiple of 19?
True
Is 156765 a multiple of 33?
False
Is 16564 a multiple of 101?
True
Does 43 divide 619?
False
Is 56 a factor of 1603?
False
Is 15 a factor of 6048?
False
Is 1160 a multiple of 8?
True
Does 47 divide 366?
False
Does 27 divide 2548?
False
Does 54 divide 1350?
True
Does 15 divide 1605?
True
Is 27 a factor of 3915?
True
Does 100 divide 12400?
True
Does 21 divide 41160?
True
Does 68 divide 43698?
False
Does 18 divide 139?
False
Is 6229 a multiple of 9?
False
Does 81 divide 41750?
False
Does 25 divide 125?
True
Is 195 a multiple of 13?
True
Does 8 divide 9665?
False
Is 254 a factor of 21174?
False
Does 190 divide 12842?
False
Is 12544 a multiple of 7?
True
Is 56 a factor of 68697?
False
Is 22 a factor of 286?
True
Is 190 a multiple of 19?
True
Is 9626 a multiple of 26?
False
Is 19 a factor of 10140?
False
Is 2120 a multiple of 40?
True
Is 9554 a multiple of 116?
False
Does 4 divide 180?
True
Does 32 divide 5408?
True
Is 17 a factor of 10268?
True
Is 64850 a multiple of 50?
True
Is 13666 a multiple of 23?
False
Does 59 divide 34274?
False
Is 14760 a multiple of 82?
True
Is 12 a factor of 198?
False
Is 9737 a multiple of 91?
True
Is 34 a factor of 4396?
False
Does 20 divide 70?
False
Is 30 a factor of 870?
True
Is 10 a factor of 28872?
False
Is 528 a multiple of 12?
True
Is 1358 a multiple of 14?
True
Is 848 a multiple of 7?
False
Is 4212 a multiple of 54?
True
Does 44 divide 35024?
True
Does 11 divide 24276?
False
Does 17 divide 434?
False
Is 19 a factor of 7163?
True
Does 70 divide 54250?
True
Is 56825 a multiple of 25?
True
Is 49 a factor of 680?
False
Is 11781 a multiple of 33?
True
Is 504 a multiple of 84?
True
Is 2726 a multiple of 29?
True
Is 43 a factor of 1075?
True
Is 934 a multiple of 12?
False
Is 3 a factor of 7710?
True
Does 40 divide 579?
False
Does 63 divide 882?
True
Is 5 a factor of 3365?
True
Does 2 divide 161?
False
Is 1110 a multiple of 55?
False
Is 14 a factor of 4368?
True
Does 21 divide 11316?
False
Is 16649 a multiple of 14?
False
Is 1014 a multiple of 11?
False
Does 28 divide 1018?
False
Does 17 divide 1149?
False
Does 13 divide 26650?
True
Does 20 divide 45?
False
Does 164 divide 23616?
True
Is 4 a factor of 256?
True
Does 63 divide 756?
True
Is 43089 a multiple of 193?
False
Is 36 a factor of 17964?
True
Is 503 a multiple of 2?
False
Is 629 even?
False
Is 10325 a multiple of 59?
True
Is 62 a factor of 9882?
False
Is 6380 a multiple of 29?
True
Is 7621 a multiple of 9?
False
Does 6 divide 642?
True
Is 944 a multiple of 5?
False
Is 2912 a multiple of 3?
False
Does 12 divide 245?
False
Does 104 divide 520?
True
Is 5149 a multiple of 64?
False
Does 25 divide 1925?
True
Is 15 a factor of 4155?
True
Does 118 divide 2006?
True
Is 196 a multiple of 14?
True
Does 169 divide 7668?
False
Is 3347 a multiple of 20?
False
Does 9 divide 4050?
True
Does 42 divide 2760?
False
Is 34612 a multiple of 34?
True
Is 56 a factor of 3528?
True
Does 32 divide 27200?
True
Is 12 a factor of 10212?
True
Is 29 a factor of 1922?
False
Is 68 a factor of 3044?
False
Is 1219 a multiple of 5?
False
Does 3 divide 486?
True
Is 12487 a multiple of 139?
False
Is 1044 a multiple of 6?
True
Is 2729 a multiple of 7?
False
Is 392 a multiple of 5?
False
Does 343 divide 18401?
False
Does 47 divide 235?
True
Is 25920 a multiple of 40?
True
Does 27 divide 18171?
True
Does 55 divide 2208?
False
Is 43 a factor of 6321?
True
Does 44 divide 924?
True
Is 2 a factor of 179?
False
Does 8 divide 6646?
False
Does 69 divide 3890?
False
Does 3 divide 5766?
True
Is 2327 a multiple of 15?
False
Is 197 a factor of 34421?
False
Does 5 divide 887?
False
Is 277 a multiple of 3?
False
Does 22 divide 3761?
False
Does 36 divide 357?
False
Is 2695 a multiple of 9?
False
Is 24 a factor of 4364?
False
Is 14392 a multiple of 31?
False
Does 22 divide 3483?
False
Is 24 a factor of 323?
False
Is 37 a factor of 518?
True
Is 2984 a multiple of 40?
False
Is 3 a factor of 44?
False
Is 2 a factor of 44?
True
Is 14 a factor of 294?
True
Is 9015 a multiple of 23?
False
Is 66540 a multiple of 13?
False
Does 3 divide 192?
True
Is 628 a multiple of 7?
False
Does 7 divide 14583?
False
Does 26 divide 797?
False
Does 7 divide 1890?
True
Does 22 divide 16649?
False
Does 17 divide 544?
True
Is 4 a factor of 53?
False
Is 12 a factor of 1068?
True
Does 229 divide 73280?
True
Does 98 divide 5279?
False
Is 2056 a multiple of 27?
False
Does 10 divide 1004?
False
Is 5316 a multiple of 128?
False
Does 4 divide 316?
True
Is 4895 a multiple of 127?
False
Is 48 a multiple of 5?
False
Does 25 divide 15065?
False
Is 7 a factor of 32760?
True
Is 910 a multiple of 14?
True
Does 44 divide 16946?
False
Is 1730 a multiple of 22?
False
Is 8 a factor of 417?
False
Is 26 a factor of 986?
False
Is 13 a factor of 17440?
False
Does 17 divide 4161?
False
Is 11088 a multiple of 16?
True
Is 67 a factor of 4201?
False
Is 86 a factor of 516?
True
Is 15 a factor of 255?
True
Does 114 divide 6840?
True
Does 41 divide 2153?
False
Is 28 a factor of 55?
False
Is 17232 a multiple of 12?
True
Does 101 divide 5858?
True
Is 12675 a multiple of 10?
False
Is 153 a factor of 1676?
False
Is 83 a factor of 3218?
False
Is 55 a factor of 6380?
True
Is 5 a factor of 1121?
False
Is 12 a factor of 1392?
True
Is 2 a factor of 1437?
False
Is 4 a factor of 108?
True
Does 24 divide 5089?
False
Is 8 a factor of 776?
True
Does 15 divide 4933?
False
Is 67 a factor of 67?
True
Is 17 a factor of 2348?
False
Is 4678 a multiple of 53?
False
Is 9 a factor of 184?
False
Does 5 divide 356?
False
Is 402 a multiple of 2?
True
Is 61 a factor of 1952?
True
Is 579 a multiple of 12?
False
Is 640 a multiple of 20?
True
Is 5 a factor of 2655?
True
Is 4296 a multiple of 18?
False
Does 255 divide 46662?
False
Does 38 divide 8702?
True
Is 4521 a multiple of 17?
False
Is 84 a multiple of 2?
True
Is 34803 a multiple of 3?
True
Is 22040 a multiple of 10?
True
Is 7746 a multiple of 37?
False
Does 25 divide 200?
True
Does 39 divide 8506?
False
Is 77 a factor of 308?
True
Is 3905 a multiple of 71?
True
Is 2664 a multiple of 12?
True
Is 756 a multiple of 54?
True
Does 6 divide 4182?
True
Is 9 a factor of 137?
False
Does 20 divide 460?
True
Is 11 a factor of 43?
False
Is 15895 a multiple of 85?
True
Is 30 a factor of 17430?
True
Is 73 a factor of 655?
False
Does 24 divide 1804?
False
Is 10342 a multiple of 137?
False
Does 6 divide 4768?
False
Is 195 a factor of 39195?
True
Is 192 a factor of 20160?
True
Is 357 a factor of 95325?
False
Is 24 a factor of 1908?
False
Does 164 divide 20500?
True
Is 1088 a multiple of 68?
True
Does 4 divide 4072?
True
Is 190 a factor of 6460?
True
Is 164 a factor of 188866?
False
Is 1338 a multiple of 17?
False
Is 3 a factor of 1577?
False
Is 44352 a multiple of 44?
True
Is 30793 a multiple of 34?
False
Does 12 divide 19466?
False
Is 17574 a multiple of 176?
False
Is 146 a multiple of 61?
Fa